onvert -14040211 (base 6) to base 7.
-4003402
-3aa4a6 (base 14) to base 6
-111231350
Convert -121312311 (base 4) to base 15.
-215a9
What is 1113030211 (base 4) in base 7?
3015163
-2232202013 (base 4) to base 11
-449118
-21515425 (base 7) to base 12
-754491
What is 864064 (base 10) in base 14?
186c6c
Convert 190905 (base 12) to base 3.
211012010012
Convert -20110100221210 (base 3) to base 8.
-15057243
What is -10002210000022 (base 3) in base 15?
-2288db
What is 105457 (base 10) in base 3?
12100122211
12e29d3 (base 15) to base 11
7768271
What is 85866 (base 11) in base 8?
363627
Convert dc36 (base 15) to base 13.
182b8
Convert -10ba74a (base 12) to base 4.
-30111022222
1e30a (base 15) to base 13
35b27
What is -32013033 (base 5) in base 8?
-1010623
10000100000000001100 (base 2) to base 16
8400c
What is 323331213 (base 6) in base 11?
3289261
Convert -53022331 (base 6) to base 7.
-16053646
What is fd2a5 (base 16) in base 2?
11111101001010100101
What is -10111001110010011 (base 2) in base 4?
-113032103
14921bc (base 13) to base 3
110100222111011
What is -358713 (base 9) in base 13?
-77634
Convert 12202221121210 (base 3) to base 16.
2ed667
565c21 (base 13) to base 14
3b1a87
500164 (base 7) to base 2
10100100010100010
What is a03792 (base 12) in base 11?
1454279
-18bb129 (base 13) to base 14
-111ac91
What is -2133133 (base 5) in base 13?
-138c8
What is -31642 (base 13) in base 12?
-43584
What is 53a111 (base 12) in base 9?
2436824
What is 236956 (base 10) in base 8?
716634
Convert -231030100 (base 4) to base 14.
-4b65a
-96789 (base 11) to base 8
-422633
384202 (base 9) to base 15
48e45
730412 (base 9) to base 7
3453305
Convert -155155 (base 8) to base 14.
-16541
What is -414026 (base 10) in base 3?
-210000221022
Convert -2122434 (base 5) to base 6.
-434350
Convert -350767 (base 10) to base 14.
-91b8b
-1435332 (base 8) to base 4
-1203223122
What is -200310301 (base 4) in base 7?
-1066660
Convert 11001022101 (base 3) to base 15.
18927
259832 (base 11) to base 8
1435341
What is -791977 (base 12) in base 16?
-1d792b
What is -41ca58 (base 15) in base 2?
-1011111100011001001110
What is 2376a4 (base 15) in base 6?
100202414
Convert -34b45 (base 14) to base 5.
-13102231
What is -4708609 (base 11) in base 3?
-120110212120001
-631008 (base 10) to base 12
-265200
Convert 1015335243 (base 6) to base 7.
156156036
4998494 (base 11) to base 14
121cb19
What is -555839 (base 12) in base 16?
-14b76d
Convert 4436136 (base 7) to base 9.
1023506
6c67a2 (base 14) to base 4
32020300322
-11633143 (base 10) to base 13
-2544022
140431042 (base 5) to base 2
10101111001101001111
1c282 (base 16) to base 2
11100001010000010
-21926 (base 11) to base 5
-2003410
Convert -1a9152 (base 11) to base 7.
-2500555
-214221 (base 8) to base 11
-49a66
What is 62b73 (base 13) in base 15?
379c8
Convert 101101200221020 (base 3) to base 12.
1a25443
Convert 110011010001001010 (base 2) to base 14.
56758
What is -3104342101 (base 5) in base 10?
-6324651
Convert 1653101 (base 7) to base 4.
320202113
Convert -134545 (base 11) to base 12.
-a20b4
Convert 92a037 (base 13) to base 9.
6383371
What is 1136453 (base 8) in base 7?
2432312
Convert -111130442 (base 5) to base 15.
-9a082
What is -4aa845 (base 12) in base 16?
-12a235
-1822152 (base 9) to base 14
-1c728d
Convert -5712110 (base 8) to base 7.
-16064133
5902471 (base 11) to base 3
201101211022221
What is -112222201002 (base 3) in base 9?
-488632
What is -10121412 (base 5) in base 13?
-2b870
What is -122010100130 (base 4) in base 5?
-3222130210
What is 763111 (base 8) in base 9?
428506
Convert 101a331 (base 11) to base 2.
110110111011011100101
What is 335213415 (base 6) in base 3?
102112102012202
What is -57134 (base 11) in base 9?
-135366
Convert 16c3c (base 14) to base 8.
157706
Convert 1303672 (base 8) to base 10.
362426
Convert -5643067 (base 8) to base 6.
-52405331
110413002 (base 5) to base 12
1b30b8
Convert 5879a (base 16) to base 11.
2282aa
What is -45aa5 (base 12) in base 5?
-10440044
What is 11244243 (base 5) in base 7?
606335
220200110 (base 3) to base 16
464a
-10221230 (base 5) to base 13
-300a2
Convert -91519 (base 13) to base 4.
-333200101
Convert -25030a9 (base 13) to base 9.
-23603078
What is 110100211000 (base 3) in base 9?
410730
Convert -1156236 (base 7) to base 2.
-100100010010100100
What is 10122001212112 (base 3) in base 7?
22256456
What is 22d09 (base 14) in base 8?
245615
What is 1c2d6b (base 15) in base 8?
5200613
What is -53445 (base 13) in base 10?
-150129
Convert -4ae148 (base 16) to base 7.
-56466050
Convert -12212001102 (base 3) to base 8.
-341024
What is -136807 (base 11) in base 3?
-101212110112
Convert 21021211022 (base 3) to base 4.
203001332
Convert -288218 (base 9) to base 2.
-101011000111010101
Convert 5155ba (base 12) to base 13.
3580a8
What is 144344140 (base 5) in base 13?
2131a8
What is 1967a3 (base 15) in base 12?
4b7a16
11202201122020 (base 3) to base 2
1001101010100101101100
-14120134 (base 5) to base 9
-240860
Convert -aa74 (base 15) to base 4.
-20310031
9a520 (base 14) to base 8
1332660
Convert 4230141 (base 5) to base 7.
413016
85874 (base 13) to base 9
406428
Convert -1735077 (base 14) to base 2.
-101011100100111010010001
What is -757841 (base 9) in base 10?
-451936
What is -75a458 (base 12) in base 7?
-21560510
What is 3345721 (base 8) in base 11?
568330
What is 2141503 (base 6) in base 7?
622665
Convert 10044010110 (base 5) to base 10.
10141280
Convert -14c3821 (base 13) to base 5.
-3201201213
-28bd31 (base 14) to base 6
-50202223
Convert -1100101110101010000 (base 2) to base 16.
-65d50
Convert 368790 (base 11) to base 8.
2161701
What is -137327 (base 10) in base 16?
-2186f
1002132401 (base 5) to base 15
294836
-1133102320 (base 4) to base 2
-1011111010010111000
-50436105 (base 7) to base 14
-7b273c
Convert 50280 (base 9) to base 11.
22906
What is 24c69 (base 13) in base 2?
10000100110111001
What is -1032142 (base 6) in base 2?
-1100011101011110
Convert 95781 (base 11) to base 12.
68794
What is -110011100011111110001110 (base 2) in base 11?
-76a2317
What is 202020012101102 (base 3) in base 15?
e2567e
23cec (base 15) to base 7
654141
What is -5151115 (base 7) in base 5?
-124224321
What is -1151016 (base 8) in base 14?
-831b8
Convert 2050430 (base 6) to base 9.
162100
What is 11122212101202 (base 3) in base 11?
1442371
403322301 (base 5) to base 7
16525661
-6451205 (base 9) to base 2
-1101001100010111101111
Convert eab19 (base 16) to base 12.
3a4389
Convert 1010121101112010 (base 3) to base 6.
1340344433
What is -31d30 (base 14) in base 5?
-12324312
-72041422 (base 8) to base 11
-8657178
334a8f (base 16) to base 9
6283004
What is 250b5 (base 15) in base 14?
31179
What is -100000011000111111100 (base 2) in base 11?
-665474
100001213102 (base 4) to base 12
14a7102
Convert 5512411 (base 6) to base 9.
456817
Convert -120211120110 (base 3) to base 5.
-34433300
2b737 (base 15) to base 5
13440002
-10101111100010010101 (base 2) to base 16
-af895
What is 722632 (base 13) in base 16?
289cf6
What is -433382 (base 14) in base 15?
-2ee338
What is 1341231 (base 5) in base 16?
6c2b
1277 (base 10) to base 6
5525
-3461366 (base 8) to base 16
-e62f6
Convert -113465040 (base 7) to base 4.
-122303000130
136841 (base 14) to base 2
10100011110110111001
-100011022012111 (base 3) to base 8
-22443141
What is -1831b5 (base 12) in base 13?
-11933c
What is 23201310 (base 4) in base 8?
134164
6375557 (base 9) to base 15
477167
31223301 (base 5) to base 2
111110111110011111
Convert 21222010121100 (base 3) to base 8.
20116351
What is -1023514433 (base 6) in base 2?
-101001010001010010110101
Convert 764526 (base 15) to base 11.
31a8a31
86a570 (base 12) to base 6
113415420
1110110011010111 (base 2) to base 9
102147
What is -311747 (base 10) in base 14?
-81879
112212000222 (base 3) to base 10
292355
Convert 11100100100001101010100 (base 2) to base 14.
dccdb6
-296849 (base 13) to base 9
-1815232
22cf81 (base 16) to base 8
10547601
-3d68e (base 16) to base 5
-31022114
What is -8977 (base 13) in base 10?
-19195
What is -120232201 (base 4) in base 3?
-12010221011
What is -3021121030 (base 4) in base 2?
-11001001011001001100
15681570 (base 9) to base 2
11101111100000011011001
What is 14143522 (base 8) in base 16?
30c752
What is -73b14d (b